e ten thousands digit of 8503253?
0
What is the thousands digit of 20023680?
3
What is the ten thousands digit of 1047988?
4
What is the hundred thousands digit of 3627697?
6
What is the units digit of 4812027?
7
What is the hundred thousands digit of 245494?
2
What is the hundreds digit of 4545968?
9
What is the millions digit of 1577853?
1
What is the thousands digit of 5468668?
8
What is the ten thousands digit of 3809814?
0
What is the thousands digit of 40326022?
6
What is the hundreds digit of 73197?
1
What is the ten thousands digit of 104399?
0
What is the tens digit of 2545017?
1
What is the tens digit of 10686332?
3
What is the tens digit of 3473848?
4
What is the hundreds digit of 1540778?
7
What is the hundred thousands digit of 579123?
5
What is the millions digit of 10551001?
0
What is the millions digit of 1885039?
1
What is the tens digit of 269856?
5
What is the hundreds digit of 161492?
4
What is the tens digit of 608401?
0
What is the tens digit of 380451?
5
What is the hundreds digit of 818986?
9
What is the hundred thousands digit of 205937?
2
What is the hundred thousands digit of 454227?
4
What is the hundreds digit of 862088?
0
What is the tens digit of 235080?
8
What is the units digit of 618583?
3
What is the hundred thousands digit of 7773227?
7
What is the tens digit of 4997661?
6
What is the tens digit of 426511?
1
What is the units digit of 895534?
4
What is the units digit of 1394271?
1
What is the hundreds digit of 4626915?
9
What is the hundred thousands digit of 1154633?
1
What is the tens digit of 3504853?
5
What is the ten thousands digit of 3970728?
7
What is the hundreds digit of 20952889?
8
What is the thousands digit of 573922?
3
What is the tens digit of 4425485?
8
What is the hundred thousands digit of 625019?
6
What is the tens digit of 452951?
5
What is the hundreds digit of 4850375?
3
What is the ten thousands digit of 23113?
2
What is the hundred thousands digit of 712970?
7
What is the hundred thousands digit of 179371?
1
What is the millions digit of 1920981?
1
What is the hundred thousands digit of 11766668?
7
What is the hundreds digit of 22324?
3
What is the thousands digit of 494898?
4
What is the ten thousands digit of 1073086?
7
What is the units digit of 1401949?
9
What is the hundred thousands digit of 4569335?
5
What is the ten thousands digit of 937013?
3
What is the tens digit of 2211681?
8
What is the thousands digit of 11389?
1
What is the thousands digit of 5262904?
2
What is the thousands digit of 50581?
0
What is the ten thousands digit of 3475524?
7
What is the hundreds digit of 27701083?
0
What is the thousands digit of 1854690?
4
What is the hundreds digit of 151627?
6
What is the millions digit of 7005366?
7
What is the thousands digit of 160482?
0
What is the hundred thousands digit of 282682?
2
What is the hundreds digit of 6433181?
1
What is the units digit of 1706067?
7
What is the hundreds digit of 15815?
8
What is the ten thousands digit of 358673?
5
What is the tens digit of 652628?
2
What is the units digit of 513679?
9
What is the units digit of 477383?
3
What is the tens digit of 6047992?
9
What is the tens digit of 649610?
1
What is the hundred thousands digit of 1205111?
2
What is the thousands digit of 880759?
0
What is the units digit of 3075145?
5
What is the ten thousands digit of 1818869?
1
What is the hundreds digit of 8307887?
8
What is the hundreds digit of 1148707?
7
What is the tens digit of 5336994?
9
What is the tens digit of 576245?
4
What is the tens digit of 477445?
4
What is the millions digit of 1396881?
1
What is the hundred thousands digit of 435179?
4
What is the units digit of 4019431?
1
What is the ten thousands digit of 645667?
4
What is the ten thousands digit of 6176815?
7
What is the units digit of 608305?
5
What is the hundred thousands digit of 553692?
5
What is the hundreds digit of 15355851?
8
What is the tens digit of 197546?
4
What is the hundred thousands digit of 410733?
4
What is the hundreds digit of 855930?
9
What is the tens digit of 3895444?
4
What is the hundred thousands digit of 225315?
2
What is the tens digit of 94911?
1
What is the thousands digit of 1015444?
5
What is the hundred thousands digit of 942543?
9
What is the units digit of 13882633?
3
What is the tens digit of 3357248?
4
What is the units digit of 365276?
6
What is the ten thousands digit of 3046282?
4
What is the thousands digit of 952722?
2
What is the ten thousands digit of 154080?
5
What is the hundred thousands digit of 1240118?
2
What is the thousands digit of 265794?
5
What is the hundred thousands digit of 1556023?
5
What is the millions digit of 8303669?
8
What is the hundred thousands digit of 6510303?
5
What is the thousands digit of 8621513?
1
What is the thousands digit of 1003687?
3
What is the hundred thousands digit of 1545025?
5
What is the ten thousands digit of 12069985?
6
What is the ten thousands digit of 207093?
0
What is the hundreds digit of 487875?
8
What is the ten thousands digit of 583159?
8
What is the ten thousands digit of 3507007?
0
What is the thousands digit of 231724?
1
What is the ten thousands digit of 14011288?
1
What is the ten thousands digit of 9568735?
6
What is the units digit of 919169?
9
What is the hundred thousands digit of 11178360?
1
What is the hundred thousands digit of 2403628?
4
What is the ten thousands digit of 1660694?
6
What is the units digit of 96246?
6
What is the hundred thousands digit of 4559354?
5
What is the hundreds digit of 786337?
3
What is the units digit of 250797?
7
What is the thousands digit of 643840?
3
What is the ten millions digit of 18935841?
1
What is the ten thousands digit of 2359812?
5
What is the units digit of 837892?
2
What is the thousands digit of 246045?
6
What is the thousands digit of 562137?
2
What is the hundreds digit of 3894198?
1
What is the thousands digit of 532079?
2
What is the tens digit of 3181426?
2
What is the hundreds digit of 814160?
1
What is the hundred thousands digit of 1525776?
5
What is the units digit of 2114324?
4
What is the hundred thousands digit of 3080791?
0
What is the millions digit of 1607777?
1
What is the hundred thousands digit of 887758?
8
What is the ten thousands digit of 558356?
5
What is the units digit of 355648?
8
What is the ten thousands digit of 2045266?
4
What is the thousands digit of 398686?
8
What is the hundred thousands digit of 266066?
2
What is the millions digit of 21232186?
1
What is the units digit of 2806438?
8
What is the units digit of 2781986?
6
What is the hundreds digit of 32249229?
2
What is the tens digit of 1492983?
8
What is the tens digit of 7616319?
1
What is the millions digit of 2748861?
2
What is the thousands digit of 36096?
6
What is the hundreds digit of 15704317?
3
What is the millions digit of 6400136?
6
What is the units digit of 114115?
5
What is the ten thousands digit of 432654?
3
What is the hundred thousands digit of 354497?
3
What is the thousands digit of 6940426?
0
What is the ten thousands digit of 2631944?
3
What is the tens digit of 312811?
1
What is the hundred thousands digit of 518341?
5
What is the hundred thousands digit of 6569692?
5
What is the thousands digit of 16469830?
9
What is the ten thousands digit of 8643449?
4
What is the hundred thousands digit of 456472?
4
What is the tens digit of 7508756?
5
What is the units digit of 297128?
8
What is the thousands digit of 21719?
1
What is the millions digit of 5279249?
5
What is the thousands digit of 5251727?
1
What is the hundreds digit of 105829?
8
What is the units digit of 1109672?
2
What is the tens digit of 4312688?
8
What is the thousands digit of 191858?
1
What is the ten thousands digit of 251598?
5
What is the hundred thousands digit of 4657536?
6
What is the thousands digit of 27121323?
1
What is the hundreds digit of 1454269?
2
What is the thousands digit of 4342066?
2
What is the ten thousands digit of 7270112?
7
What is the millions digit of 10647180?
0
What is the hundreds digit of 1859533?
5
What is the units digit of 192446?
6
What is the thousands digit of 24741199?
1
What is the units digit of 14271?
1
What is the ten thousands digit of 16314?
1
What is the units digit of 1458136?
6
What is the tens digi